e number?
False
Suppose -7*l + 10 = -25. Suppose 3*j = b + b + l, -b - 6 = -5*j. Is b/(-6) + (-8559)/(-162) a prime number?
True
Let d(t) = 16*t + 36. Let b be d(-3). Is (9*(-2)/b + -1)*2654 a prime number?
True
Suppose 4*s + 1 = -2*h + 3, -3*s = 5*h - 12. Suppose 5*g + h*g = 2104. Let r = 1222 - g. Is r composite?
True
Is (101206 - 2) + (16 + 6 - 23) prime?
True
Let m(y) = y**2 - 13*y - 13. Let n(a) = a. Let u(b) = m(b) - 2*n(b). Let f be u(16). Suppose 3*k + f*k = 36. Is k a prime number?
False
Let j(o) = o**2 - 26*o + 72. Suppose -7 = 5*r + 4*b - 130, -4*b = -3*r + 61. Let y be j(r). Suppose -y*c = u - 1939, 4*u + 653 = c + u. Is c a prime number?
True
Suppose -10*n + 56288 = 6*n. Is n prime?
False
Suppose -3*o + 4*p - 1 + 12 = 0, 0 = -3*p + 3. Suppose -2 = -o*k + 3, -3643 = -4*f + k. Is f a prime number?
True
Let m be (7 - -16367) + -4*2. Let p = -10979 + m. Is p composite?
False
Is 72/(-408) - 4183468/(-34) composite?
True
Suppose -3*v - d = 8515, 3*v - 4*d + 3464 + 5046 = 0. Suppose 17 = -5*j - u, -3*u - 19 - 2 = 5*j. Is 4 - (j - v/(-3)) a prime number?
True
Let z(h) = -4*h**2 + 70*h - 28. Let j be z(17). Is 1241 - (j - 0 - 14) composite?
False
Let g = -199 - -205. Suppose g*j - 39165 = 6717. Is j composite?
True
Let t(c) = 517*c**2 + 5. Let h(r) = -517*r**2 - r - 5. Let u(f) = 2*h(f) + 3*t(f). Is u(4) composite?
False
Suppose -2*z - 4*v = 102, -5*v - 275 = z + 4*z. Let w = 117 + z. Suppose 2*u - w = u. Is u composite?
True
Suppose -4*t + 115275 + 159793 = 0. Is t prime?
True
Let k(i) = 6*i - 51. Let m be k(9). Let o(b) = 92*b**2 - 5*b + 20. Let a be o(m). Let z = -502 + a. Is z a prime number?
True
Let f = 5 + -4. Let n(m) = 1442*m + 6. Let h(g) = 719*g + 2. Let l(v) = 5*h(v) - 2*n(v). Is l(f) a prime number?
True
Let g = -38054 - -57585. Is g a composite number?
False
Is (-1213)/(580/(-34) - -17) a composite number?
True
Let y = 22 - -3. Let v = -21 + y. Suppose 0*o + 4196 = v*o. Is o a composite number?
False
Let h = -75399 + 115370. Is h a composite number?
False
Suppose -23*h + 3994767 = 40*h. Is h a prime number?
True
Suppose 0 = 108*o + 13061573 - 78814025. Is o composite?
False
Let v = 771337 - 53940. Is v prime?
True
Let w = -45 - -676. Is w/(-1)*(10 + -11) composite?
False
Suppose -4*f = x - 10477, -2*f + 20918 = -48*x + 50*x. Is x a composite number?
False
Suppose -4*t - 3*g + 33 = 0, -3*t + g + 0*g = -15. Let z = t + -15. Is ((-69)/z)/((-3)/(-9)) composite?
False
Suppose 5*q - 48296 = -0*i - 2*i, -i + 24151 = 4*q. Suppose 35*g = 34*g + i. Is g composite?
True
Let a = 99 - 94. Is (-1)/2*(-9340)/a + -1 a composite number?
True
Suppose -32*j = -29*j - 4*n - 12781, n = -j + 4272. Is j a composite number?
True
Is (-996194)/(-42) - (-156)/1638 composite?
False
Suppose w - 3*w - 2*f = -87724, -3*w = -3*f - 131598. Suppose 0 = 18*c + 10690 - w. Is c composite?
True
Is 2/(-14) - (-7 - 6120928/112) prime?
False
Suppose 5*w + 2*z - 629 = 0, -3*w - 2 = -z - 375. Is (50/w)/((-4)/(-17090)) prime?
True
Let b(v) = 2*v**2 - 14*v + 35. Let w be b(5). Suppose w*h - 16*h + 4561 = 0. Is h a prime number?
True
Suppose 0 = 790*g - 787*g - 1326. Suppose 426*j = g*j - 10256. Is j a composite number?
False
Suppose 0*j = -9*j + 27. Suppose j*c = 2*m - 177, m = -c - 3*c - 247. Let z = 92 + c. Is z a composite number?
False
Suppose 5*q + 3*p = 1785709, -192*q + 190*q = 5*p - 714314. Is q a composite number?
True
Let v be (-4)/(-2)*45/10. Let n be (v/(-7) - -1) + (-3714)/(-14). Suppose c + n = 2*c. Is c a composite number?
True
Suppose -103753 = -7*o + d + 617807, 2*o - 3*d = 206179. Is o prime?
True
Suppose 2*z = 4*u + 14834, 3*z = 3*u - 5608 + 27871. Let s = 13717 - z. Let l = s + -4131. Is l prime?
True
Suppose 0 = 407*u - 352*u - 999955. Is u a prime number?
True
Let g(c) = 594*c + 24. Suppose 0 = t + 4*t + 4*s, 5*s = 2*t - 33. Let y be g(t). Let f = -262 + y. Is f prime?
False
Let c(l) = -4*l - 16. Let i be c(-3). Let s(b) = -2394*b - 43. Is s(i) prime?
True
Let o(a) be the second derivative of -23*a**4/8 - a**3/6 + 7*a**2 + 10*a. Let u(k) be the first derivative of o(k). Is u(-6) prime?
False
Is 11 + (-119)/7 - -999489 prime?
False
Suppose -463974 = -181*x + 139*x. Is x a composite number?
False
Is 38542 + (5 + -1)/(2 + 2) composite?
False
Suppose -4*q + 4*p = -28, -2*p + 13 = 19. Is 6554/q + 33/(-22) prime?
True
Suppose 5*j - 3400 = 2*a + j, -3*a + 3*j = 5106. Let m = 3515 + a. Is m composite?
False
Let v(q) = -14*q + 21. Let j be v(-4). Suppose -13*x = -17*x + 536. Let w = x + j. Is w prime?
True
Let c(l) = -l**3 + 12*l**2 - 12*l + 14. Suppose -4*x = -0*x - 3*w - 5, 3 = 3*x - 3*w. Suppose -25 = -5*m + 5*g, x*m - 5*g = -m + 7. Is c(m) a composite number?
False
Let z(r) = 1815*r**2 + 20*r - 67. Is z(6) prime?
True
Let b be (1 - 0)/(((-8)/(-26))/(-4)). Let z(c) = -c - 27. Let a be z(b). Is 44/16*-2*a composite?
True
Suppose 140*x - 2*o = 136*x + 84238, -4*x = 3*o - 84233. Is x a prime number?
True
Is ((-24 - -52)/(-84))/((-1)/692943) composite?
True
Let z(y) = 120*y + 6. Let h be z(-4). Let q = h - -1009. Is q prime?
False
Suppose 0 = -687*m + 49*m + 327807590. Is m a prime number?
False
Let r be ((-9)/(27/(-150)))/(-2). Let y = 30 + r. Suppose 2*p - 5*o = -p + 217, -5*p + 415 = y*o. Is p prime?
True
Let b(p) = -1653*p + 17. Let a be b(-1). Suppose -14*v = -11484 + a. Is v a prime number?
True
Let o(i) = 7*i - 18. Let u be o(4). Suppose 8*g - u*g = -1756. Is g prime?
False
Suppose -33*a - 5*a + 2653251 = -4609271. Is a prime?
True
Suppose 168*y = 10834532 + 39100612. Is y composite?
False
Let b = 12372 + -5470. Suppose -41*f - b = -34*f. Let v = f - -4680. Is v prime?
False
Suppose 2*k + 10 = 2*t, -11*k - 12 = 4*t - 7*k. Is 10 + -13 + 3043 + t a prime number?
True
Let a(u) = 6*u - 5. Let m be a(1). Let p be (1/((-8)/(-4)))/(m/4). Suppose 2 = -p*b + 3*b, 4*f - 3*b = 7366. Is f a prime number?
False
Suppose -n - 5*r - 22 = -2*r, -r = -4*n - 23. Let s = 12 - n. Let h = s + 46. Is h prime?
False
Suppose 5*m - 5330 = 28665. Suppose -m = -5*z - 3*f, 8*f + 5452 = 4*z + 4*f. Is z composite?
False
Let v(b) = b - 9. Let s be v(11). Suppose 0 = u - 2*g - s, g + 2 = 5*u + 1. Suppose u = 4*z - 8*z + 212. Is z a prime number?
True
Let b(t) = 16 + 1702*t - 91 - 43 - 100 - 457*t. Is b(7) a composite number?
True
Let l = -57 - -78. Let v(m) = 18*m**2 + 27*m + 22. Is v(l) prime?
True
Let f(p) = -p**2 - 2*p + 8. Let l be f(-4). Suppose l = 12*d - 7*d. Suppose -11203 = -4*v + 3*r - d*r, -5*v + 5*r = -14010. Is v prime?
True
Is -4 + (28062/(-12) - 5)/((-5)/1090) a prime number?
False
Let h(t) = 2*t**2 + 18*t + 10. Let l(c) = c**2 + c - 1. Suppose -12 = -11*x - 1. Let z(b) = x*h(b) - l(b). Is z(-19) a composite number?
True
Is 6460*10 - 102/17 a composite number?
True
Let z(x) = -1078*x - 43. Let k be z(5). Is (1 - k) + (4 + -16)/(-4) composite?
False
Let h(t) = 422759*t**2 - 5*t + 1. Is h(1) prime?
False
Let k(f) = -7*f**2 - 13*f + 12. Let r be k(-6). Let a = r - -195. Is a a composite number?
True
Suppose 0 = 3*b + 5*x + 17, 6*b + 15 = 3*b - 3*x. Let d(p) = -2*p**2 + 12*p - 44. Let f be d(4). Is (2153/b)/(-2 - 49/f) a prime number?
True
Suppose 4*o + 8 = -2*b, -3 = 5*b - 3*o + 17. Let g(y) = 94*y**2 + 7*y + 5. Is g(b) a composite number?
False
Let p be (7 - 2) + -5 + 14937. Suppose -3*l - p = 3*f - 41181, 2*f + 3*l - 17501 = 0. Is f prime?
False
Let u(n) = 18*n**2 - 39*n - 146. Is u(27) prime?
True
Let z(g) = 242*g**2 + 58*g - 127. Is z(15) a composite number?
True
Let h = -20876 - -38085. Suppose 0 = -21*q + 13892 + h. Is q composite?
False
Suppose -3*c - 6*c + 27 = 0. Let s(x) = -x**2 - x + 16. Let u be s(c). Suppose -u*q + 52 + 288 = 0. Is q prime?
False
Suppose 4*u - 651799 = -5*d, 3*d = u - 4*u + 488844. Is u composite?
True
Suppose -5*h = -2*h - 6. Is h*407 - (-8 + 5) composite?
True
Let c(f) = 111*f**2 + 73*f - 69. Is c(-15) composite?
True
Suppose 17*a + 50*a = -2604244 + 9650433. Is a a composite number?
False
Suppose 6*g = -28*g + 850. Suppose 11156 = -g*d + 29*d. Is d a composite number?
False
Let k be (14/4)/(-7)*2. Let h be ((-42)/(-12))/(k/(-2)). Suppose 0 = 4*p - 5*c - 514, -h*c + 3*c + 401 = 3*p. Is p a prime number?
True
Suppose 14*w - 19*w = -c + 1721, w = -3*c + 5227. Is c composite?
False
Is 7*(2 + -1) + (-16254008)/161*-7 a composite number?
Fa